nder when 3818 is divided by 276?
230
Calculate the remainder when 443328 is divided by 310.
28
Calculate the remainder when 28531 is divided by 7118.
59
What is the remainder when 3028 is divided by 851?
475
Calculate the remainder when 34059 is divided by 524.
523
What is the remainder when 3850 is divided by 1912?
26
Calculate the remainder when 6701 is divided by 42.
23
Calculate the remainder when 5926 is divided by 211.
18
Calculate the remainder when 7347 is divided by 24.
3
Calculate the remainder when 19720 is divided by 102.
34
Calculate the remainder when 326609 is divided by 10.
9
What is the remainder when 18064 is divided by 85?
44
Calculate the remainder when 8147 is divided by 2713.
8
What is the remainder when 113678 is divided by 146?
90
Calculate the remainder when 578 is divided by 197.
184
Calculate the remainder when 1310031 is divided by 863.
860
What is the remainder when 4378 is divided by 51?
43
What is the remainder when 41134 is divided by 56?
30
What is the remainder when 86575 is divided by 73?
70
What is the remainder when 7229 is divided by 57?
47
Calculate the remainder when 38838 is divided by 1553.
13
Calculate the remainder when 11451 is divided by 273.
258
What is the remainder when 740 is divided by 130?
90
Calculate the remainder when 1391 is divided by 1307.
84
Calculate the remainder when 69388 is divided by 54.
52
Calculate the remainder when 2163 is divided by 29.
17
Calculate the remainder when 1599 is divided by 5.
4
Calculate the remainder when 24244 is divided by 11.
0
Calculate the remainder when 28865 is divided by 125.
115
Calculate the remainder when 11861 is divided by 290.
261
What is the remainder when 41631 is divided by 683?
651
Calculate the remainder when 1257759 is divided by 374.
371
What is the remainder when 6843 is divided by 59?
58
What is the remainder when 8590 is divided by 4295?
0
Calculate the remainder when 1602595 is divided by 29.
26
Calculate the remainder when 125055 is divided by 74.
69
What is the remainder when 4976 is divided by 1652?
20
What is the remainder when 436 is divided by 203?
30
Calculate the remainder when 5917 is divided by 24.
13
What is the remainder when 1315 is divided by 164?
3
What is the remainder when 1524 is divided by 25?
24
What is the remainder when 1544 is divided by 102?
14
Calculate the remainder when 5998 is divided by 4.
2
What is the remainder when 18233 is divided by 145?
108
Calculate the remainder when 12524 is divided by 1565.
4
Calculate the remainder when 5318 is divided by 1328.
6
What is the remainder when 36022 is divided by 57?
55
Calculate the remainder when 142462 is divided by 896.
894
Calculate the remainder when 38015 is divided by 3454.
21
Calculate the remainder when 9566 is divided by 92.
90
What is the remainder when 12678 is divided by 3105?
258
What is the remainder when 10378 is divided by 14?
4
Calculate the remainder when 16782 is divided by 2393.
31
Calculate the remainder when 76764 is divided by 38375.
14
Calculate the remainder when 15521 is divided by 39.
38
Calculate the remainder when 339262 is divided by 38.
36
What is the remainder when 551151 is divided by 275570?
11
What is the remainder when 77881 is divided by 196?
69
What is the remainder when 3411 is divided by 166?
91
Calculate the remainder when 2246 is divided by 131.
19
What is the remainder when 44578 is divided by 3425?
53
Calculate the remainder when 981 is divided by 53.
27
What is the remainder when 9863 is divided by 9?
8
Calculate the remainder when 38680 is divided by 990.
70
Calculate the remainder when 181185 is divided by 71.
64
Calculate the remainder when 117391 is divided by 40.
31
What is the remainder when 2515048 is divided by 623?
620
What is the remainder when 173442 is divided by 5101?
8
What is the remainder when 1911 is divided by 305?
81
Calculate the remainder when 961 is divided by 57.
49
Calculate the remainder when 11826 is divided by 1212.
918
What is the remainder when 946 is divided by 309?
19
Calculate the remainder when 9153 is divided by 659.
586
What is the remainder when 301265 is divided by 80?
65
Calculate the remainder when 33892 is divided by 738.
682
What is the remainder when 39878 is divided by 6645?
8
Calculate the remainder when 24518 is divided by 20.
18
Calculate the remainder when 2634 is divided by 2590.
44
What is the remainder when 38637 is divided by 126?
81
Calculate the remainder when 65497 is divided by 3443.
80
What is the remainder when 496 is divided by 179?
138
Calculate the remainder when 14828 is divided by 2390.
488
Calculate the remainder when 17077 is divided by 5690.
7
What is the remainder when 37625 is divided by 18776?
73
Calculate the remainder when 4756158 is divided by 5.
3
What is the remainder when 310 is divided by 139?
32
Calculate the remainder when 4579 is divided by 111.
28
Calculate the remainder when 5711 is divided by 15.
11
Calculate the remainder when 3489 is divided by 1029.
402
Calculate the remainder when 1221753 is divided by 1359.
12
Calculate the remainder when 44850 is divided by 22413.
24
What is the remainder when 1748499 is divided by 1076?
1075
What is the remainder when 1472 is divided by 321?
188
What is the remainder when 11226 is divided by 869?
798
What is the remainder when 123418 is divided by 110?
108
Calculate the remainder when 18079 is divided by 601.
49
Calculate the remainder when 11113 is divided by 102.
97
Calculate the remainder when 312028 is divided by 116.
104
Calculate the remainder when 1414 is divided by 97.
56
Calculate the remainder when 4478 is divided by 112.
110
Calculate the remainder when 257 is divided by 26.
23
Calculate the remainder when 2554 is divided by 699.
457
Calculate the remainder when 29779 is divided by 90.
79
What is the remainder when 6770 is divided by 425?
395
Calculate the remainder when 518875 is divided by 141.
136
What is the remainder when 8004 is divided by 47?
14
Calculate the remainder when 7695 is divided by 142.
27
Calculate the remainder when 279845 is divided by 279842.
3
Calculate the remainder when 87395 is divided by 24.
11
What is the remainder when 6302298 is divided by 589?
587
What is the remainder when 1288643 is divided by 107386?
11
Calculate the remainder when 607473 is divided by 69.
66
What is the remainder when 585 is divided by 203?
179
Calculate the remainder when 9854 is divided by 179.
9
What is the remainder when 506847 is divided by 109?
106
Calculate the remainder when 118684 is divided by 72.
28
Calculate the remainder when 1759 is divided by 883.
876
What is the remainder when 35151 is divided by 11714?
9
Calculate the remainder when 3083 is divided by 155.
138
What is the remainder when 3723 is divided by 30?
3
Calculate the remainder when 17630 is divided by 11.
8
What is the remainder when 4737 is divided by 278?
11
What is the remainder when 30400 is divided by 661?
655
What is the remainder when 345 is divided by 71?
61
What is the remainder when 44764 is divided by 43?
1
What is the remainder when 55753 is divided by 224?
201
What is the remainder when 17477 is divided by 29?
19
What is the remainder when 1409311 is divided by 97?
95
Calculate the remainder when 68220 is divided by 4.
0
What is the remainder when 30837 is divided by 84?
9
What is the remainder when 93 is divided by 28?
9
What is the remainder when 160314 is divided by 353?
52
Calculate the remainder when 1139 is divided by 338.
125
Calculate the remainder when 65575 is divided by 1261.
3
What is the remainder when 445 is divided by 412?
33
What is the remainder when 927 is divided by 78?
69
What is the remainder when 4415 is divided by 4370?
45
What is the remainder when 7658 is divided by 331?
45
What is the remainder when 95522 is divided by 29?
25
What is the remainder when 33683 is divided by 1402?
35
Calculate the remainder when 12746 is divided by 52.
6
Calculate the remainder when 44194 is divided by 12.
10
Calculate the remainder when 6598 is divided by 157.
4
What is the remainder when 4659 is divided by 6?
3
Calculate the remainder when 6086 is divided by 764.
738
Calculate the remainder when 13017 is divided by 28.
25
Calculate the remainder when 7090 is divided by 7088.
2
Calculate t